emainder when 380 is divided by 53?
9
Calculate the remainder when 259 is divided by 12.
7
Calculate the remainder when 64 is divided by 13.
12
Calculate the remainder when 591 is divided by 99.
96
What is the remainder when 291 is divided by 228?
63
Calculate the remainder when 447 is divided by 424.
23
Calculate the remainder when 239 is divided by 16.
15
Calculate the remainder when 209 is divided by 42.
41
What is the remainder when 547 is divided by 51?
37
Calculate the remainder when 2741 is divided by 98.
95
Calculate the remainder when 6 is divided by 5.
1
What is the remainder when 290 is divided by 31?
11
What is the remainder when 51 is divided by 9?
6
What is the remainder when 15 is divided by 10?
5
Calculate the remainder when 172 is divided by 46.
34
Calculate the remainder when 86 is divided by 11.
9
Calculate the remainder when 286 is divided by 277.
9
Calculate the remainder when 254 is divided by 17.
16
What is the remainder when 435 is divided by 111?
102
What is the remainder when 5219 is divided by 12?
11
What is the remainder when 190 is divided by 48?
46
Calculate the remainder when 76 is divided by 22.
10
What is the remainder when 136 is divided by 46?
44
What is the remainder when 115 is divided by 32?
19
What is the remainder when 731 is divided by 182?
3
What is the remainder when 16 is divided by 14?
2
Calculate the remainder when 188 is divided by 35.
13
Calculate the remainder when 25 is divided by 7.
4
Calculate the remainder when 615 is divided by 324.
291
What is the remainder when 158 is divided by 77?
4
Calculate the remainder when 70 is divided by 21.
7
What is the remainder when 20940 is divided by 17?
13
What is the remainder when 1244 is divided by 314?
302
Calculate the remainder when 253 is divided by 156.
97
What is the remainder when 75 is divided by 20?
15
What is the remainder when 232 is divided by 17?
11
What is the remainder when 489 is divided by 308?
181
Calculate the remainder when 83 is divided by 9.
2
Calculate the remainder when 1647 is divided by 103.
102
Calculate the remainder when 428 is divided by 43.
41
What is the remainder when 835 is divided by 168?
163
Calculate the remainder when 59 is divided by 4.
3
Calculate the remainder when 314 is divided by 128.
58
Calculate the remainder when 230 is divided by 33.
32
Calculate the remainder when 688 is divided by 672.
16
Calculate the remainder when 284 is divided by 19.
18
What is the remainder when 837 is divided by 28?
25
Calculate the remainder when 112 is divided by 25.
12
Calculate the remainder when 226 is divided by 91.
44
What is the remainder when 62 is divided by 11?
7
Calculate the remainder when 60 is divided by 31.
29
Calculate the remainder when 604 is divided by 41.
30
Calculate the remainder when 1395 is divided by 70.
65
What is the remainder when 21 is divided by 13?
8
Calculate the remainder when 208 is divided by 57.
37
Calculate the remainder when 348 is divided by 27.
24
What is the remainder when 8295 is divided by 83?
78
Calculate the remainder when 3818 is divided by 1909.
0
What is the remainder when 1594 is divided by 124?
106
What is the remainder when 4801 is divided by 21?
13
What is the remainder when 115 is divided by 39?
37
Calculate the remainder when 754 is divided by 753.
1
What is the remainder when 112 is divided by 13?
8
What is the remainder when 646 is divided by 21?
16
What is the remainder when 4351 is divided by 1434?
49
What is the remainder when 359 is divided by 60?
59
What is the remainder when 1970 is divided by 39?
20
What is the remainder when 203 is divided by 90?
23
What is the remainder when 1137 is divided by 30?
27
What is the remainder when 190 is divided by 24?
22
Calculate the remainder when 1701 is divided by 4.
1
Calculate the remainder when 269 is divided by 15.
14
Calculate the remainder when 660 is divided by 28.
16
What is the remainder when 1601 is divided by 200?
1
What is the remainder when 82 is divided by 7?
5
Calculate the remainder when 153 is divided by 34.
17
What is the remainder when 1571 is divided by 84?
59
What is the remainder when 103 is divided by 6?
1
What is the remainder when 719 is divided by 13?
4
Calculate the remainder when 5099 is divided by 1694.
17
What is the remainder when 43 is divided by 11?
10
Calculate the remainder when 2808 is divided by 53.
52
What is the remainder when 16 is divided by 7?
2
What is the remainder when 207 is divided by 15?
12
Calculate the remainder when 251 is divided by 36.
35
What is the remainder when 1272 is divided by 85?
82
What is the remainder when 233 is divided by 39?
38
Calculate the remainder when 1494 is divided by 37.
14
What is the remainder when 58 is divided by 15?
13
What is the remainder when 147 is divided by 15?
12
Calculate the remainder when 736 is divided by 82.
80
What is the remainder when 4269 is divided by 89?
86
Calculate the remainder when 662 is divided by 136.
118
Calculate the remainder when 108 is divided by 32.
12
What is the remainder when 86 is divided by 75?
11
What is the remainder when 20999 is divided by 5?
4
Calculate the remainder when 12252 is divided by 129.
126
Calculate the remainder when 647 is divided by 93.
89
What is the remainder when 2570 is divided by 142?
14
What is the remainder when 1247 is divided by 208?
207
What is the remainder when 81 is divided by 22?
15
Calculate the remainder when 612 is divided by 77.
73
What is the remainder when 1290 is divided by 38?
36
Calculate the remainder when 508 is divided by 27.
22
Calculate the remainder when 278 is divided by 49.
33
What is the remainder when 1229 is divided by 7?
4
What is the remainder when 133 is divided by 61?
11
What is the remainder when 22 is divided by 8?
6
What is the remainder when 40 is divided by 18?
4
What is the remainder when 110 is divided by 30?
20
What is the remainder when 64 is divided by 43?
21
Calculate the remainder when 1724 is divided by 284.
20
Calculate the remainder when 218 is divided by 59.
41
What is the remainder when 135 is divided by 131?
4
What is the remainder when 428 is divided by 54?
50
What is the remainder when 416 is divided by 135?
11
Calculate the remainder when 1892 is divided by 5.
2
What is the remainder when 3796 is divided by 100?
96
What is the remainder when 222 is divided by 26?
14
Calculate the remainder when 55 is divided by 25.
5
What is the remainder when 84 is divided by 50?
34
Calculate the remainder when 748 is divided by 28.
20
Calculate the remainder when 1157 is divided by 166.
161
What is the remainder when 237 is divided by 63?
48
Calculate the remainder when 45 is divided by 29.
16
What is the remainder when 362 is divided by 35?
12
What is the remainder when 1500 is divided by 54?
42
What is the remainder when 278 is divided by 40?
38
Calculate the remainder when 442 is divided by 114.
100
What is the remainder when 2060 is divided by 2043?
17
Calculate the remainder when 84 is divided by 40.
4
Calculate the remainder when 831 is divided by 102.
15
What is the remainder when 134 is divided by 132?
2
Calculate the remainder when 34836 is divided by 335.
331
Calculate the remainder when 48 is divided by 28.
20
What is the remainder when 498 is divided by 242?
14
What is the remainder when 176 is divided by 7?
1
Calculate the remainder when 296 is divided by 43.
38
Calculate the remainder when 14097 is divided by 12.
9
Calculate the remainder when 8989 is divided by 37.
35
What is the remainder when 197 is divided by 60?
17
Calculate the remainder when 1085 is divided by 360.
5
Calculate the remainder when 3 is divided by 3.
0
Calculate the remainder when 49 is divided by 2.
1
Calculate the remainder when 148 is divided by 43.
19
Calculate the remainder when 37 is divided by 28.
9
Calculate the remainder when 576 is divided by 16.
0
Calculate the remainder when 7698 is divided by 110.
108
Calculate the remainder when 331 is divided by 37.
35
What is the remainder when 4713 is divided by 20?
13
What is the remainder when 2417 is divided by 39?
38
Calculate the remainder when 720 is divided by 275.
170
Calculate the remainder when 406 is divided by 164.
78
What is the remainder when 414 is divided by 19?
15
Calculate the remainder when 650 is 